{"id":14,"date":"2012-02-07T23:48:23","date_gmt":"2012-02-07T23:48:23","guid":{"rendered":"http:\/\/www.filik.adv.br\/?page_id=14"},"modified":"2021-08-05T18:31:16","modified_gmt":"2021-08-05T18:31:16","slug":"direito-civil","status":"publish","type":"page","link":"https:\/\/filik.adv.br\/filik\/direito-civil\/","title":{"rendered":"DIREITO CIVIL"},"content":{"rendered":"<p><strong>Ampla e irrestrita atua\u00e7\u00e3o em todas e nas mais variadas vertentes do Direito Civil:<\/strong><\/p>\n<p>Assessoria para elabora\u00e7\u00e3o, revis\u00e3o e an\u00e1lise de contratos civis, tais como: compromisso de compra e venda, venda em consigna\u00e7\u00e3o, empr\u00e9stimo, troca ou permuta, doa\u00e7\u00e3o, loca\u00e7\u00e3o, penhor, hipoteca, fian\u00e7a, comodato, m\u00fatuo, anticrese, dep\u00f3sitos, cons\u00f3rcio, parcerias, cess\u00f5es de cr\u00e9ditos e de direitos, constitui\u00e7\u00e3o de renda, transporte, seguros, assist\u00eancia m\u00e9dica, hospedagem, shopping center, direitos autorais e de imagem, desportivos, e demais;<\/p>\n<p>Propositura, impugna\u00e7\u00e3o e acompanhamento de medidas de urg\u00eancia e a\u00e7\u00f5es no \u00e2mbito do Direito Civil, tais como: arresto e sequestro de bens, busca e apreens\u00e3o, exibi\u00e7\u00e3o de documentos, cau\u00e7\u00e3o, produ\u00e7\u00e3o antecipada de provas, justifica\u00e7\u00e3o, susta\u00e7\u00e3o de protesto, pr\u00e1tica de atentado, entre outras;<\/p>\n<p>Consultoria para elabora\u00e7\u00e3o de notifica\u00e7\u00f5es e interpela\u00e7\u00f5es judiciais e extrajudiciais, de forma a responsabilizar, provar, provocar provas, prevenir responsabilidades, precaver contra danos, constituir mora, solicitar cumprimento de obriga\u00e7\u00f5es, com a inten\u00e7\u00e3o de obter uma composi\u00e7\u00e3o amig\u00e1vel antes de instaurado o processo judicial, entre outros;<\/p>\n<p>Resolu\u00e7\u00e3o de problemas de responsabilidade civil contratual e extracontratual, tanto objetiva quanto subjetiva;<\/p>\n<p>Propositura, impugna\u00e7\u00e3o e acompanhamento de a\u00e7\u00f5es de indeniza\u00e7\u00e3o de danos patrimoniais, tais como preju\u00edzos patrimoniais diretos e indiretos, lucros cessantes, danos emergentes, e demais;<\/p>\n<p>Propositura, impugna\u00e7\u00e3o e acompanhamento de a\u00e7\u00f5es de repara\u00e7\u00e3o de danos morais, tais como danos ao nome, \u00e0 imagem, \u00e0 honra, \u00e0 dignidade da pessoa, constrangimentos, danos est\u00e9ticos, ao cr\u00e9dito, e demais;<\/p>\n<p>Propositura, impugna\u00e7\u00e3o e acompanhamento de a\u00e7\u00f5es de presta\u00e7\u00e3o de contas, consigna\u00e7\u00e3o em pagamento, dep\u00f3sito, anula\u00e7\u00e3o de atos e substitui\u00e7\u00e3o de garantias;<\/p>\n<p>Propositura, impugna\u00e7\u00e3o e acompanhamento de a\u00e7\u00f5es monit\u00f3rias;<\/p>\n<p>Propositura, impugna\u00e7\u00e3o e acompanhamento de a\u00e7\u00f5es de usufruto, hipoteca, penhor, servid\u00e3o, retifica\u00e7\u00e3o de \u00e1reas de im\u00f3veis, desapropria\u00e7\u00f5es, direitos de vizinhan\u00e7a, propriedade fiduci\u00e1ria, a\u00e7\u00f5es possess\u00f3rias em geral, usucapi\u00e3o, extin\u00e7\u00e3o de condom\u00ednio e arrendamentos.<\/p>\n<p>Propositura, impugna\u00e7\u00e3o e acompanhamento de a\u00e7\u00f5es\u00a0 e separa\u00e7\u00f5es judiciais e extrajudiciais, div\u00f3rcio, dissolu\u00e7\u00e3o de sociedade de fato, reconhecimento de uni\u00e3o est\u00e1vel, ado\u00e7\u00e3o, regulamenta\u00e7\u00e3o de guarda e visitas, extin\u00e7\u00e3o e suspens\u00e3o do poder familiar, a\u00e7\u00e3o de fixa\u00e7\u00e3o, revisional e extin\u00e7\u00e3o de alimentos, aliena\u00e7\u00e3o parental, investiga\u00e7\u00e3o de paternidade, a\u00e7\u00e3o de interdi\u00e7\u00e3o e a\u00e7\u00f5es envolvendo o regime de bens;<\/p>\n<p>Propositura, impugna\u00e7\u00e3o e acompanhamento de a\u00e7\u00f5es de invent\u00e1rios judiciais e extrajudiciais, arrolamentos, a\u00e7\u00e3o de abertura, registro e cumprimento de testamento, elabora\u00e7\u00e3o, registro, revoga\u00e7\u00e3o ou anula\u00e7\u00e3o de testamentos, a\u00e7\u00e3o de sonegados, alvar\u00e1s e partilhas, peti\u00e7\u00e3o de Heran\u00e7a e demais;<\/p>\n<p>Propositura, impugna\u00e7\u00e3o e acompanhamento de a\u00e7\u00f5es perante os Juizados Especiais C\u00edveis e Juizados Informais de Concilia\u00e7\u00e3o, tamb\u00e9m conhecidos como Juizados de Pequenas Causas;<\/p>\n<p>Propositura de qualquer tipo de A\u00e7\u00e3o dentro do \u00e2mbito do Direito Civil, bem como elabora\u00e7\u00e3o de Defesas e Recursos em geral.<\/p>\n","protected":false},"excerpt":{"rendered":"<p>Ampla e irrestrita atua\u00e7\u00e3o em todas e nas mais variadas vertentes do Direito Civil: Assessoria para elabora\u00e7\u00e3o, revis\u00e3o e an\u00e1lise de contratos civis, tais como: compromisso de compra e venda, venda em consigna\u00e7\u00e3o, empr\u00e9stimo, troca ou permuta, doa\u00e7\u00e3o, loca\u00e7\u00e3o, penhor, hipoteca, fian\u00e7a, comodato, m\u00fatuo, anticrese, dep\u00f3sitos, cons\u00f3rcio, parcerias, cess\u00f5es de cr\u00e9ditos e de direitos, constitui\u00e7\u00e3o [&hellip;]<\/p>\n","protected":false},"author":1,"featured_media":0,"parent":0,"menu_order":989,"comment_status":"closed","ping_status":"closed","template":"","meta":{"site-sidebar-layout":"default","site-content-layout":"default","ast-site-content-layout":"default","site-content-style":"default","site-sidebar-style":"default","ast-global-header-display":"","ast-banner-title-visibility":"","ast-main-header-display":"","ast-hfb-above-header-display":"","ast-hfb-below-header-display":"","ast-hfb-mobile-header-display":"","site-post-title":"","ast-breadcrumbs-content":"","ast-featured-img":"","footer-sml-layout":"","ast-disable-related-posts":"","theme-transparent-header-meta":"default","adv-header-id-meta":"","stick-header-meta":"","header-above-stick-meta":"","header-main-stick-meta":"","header-below-stick-meta":"","astra-migrate-meta-layouts":"default","ast-page-background-enabled":"default","ast-page-background-meta":{"desktop":{"background-color":"var(--ast-global-color-4)","background-image":"","background-repeat":"repeat","background-position":"center center","background-size":"auto","background-attachment":"scroll","background-type":"","background-media":"","overlay-type":"","overlay-color":"","overlay-opacity":"","overlay-gradient":""},"tablet":{"background-color":"","background-image":"","background-repeat":"repeat","background-position":"center center","background-size":"auto","background-attachment":"scroll","background-type":"","background-media":"","overlay-type":"","overlay-color":"","overlay-opacity":"","overlay-gradient":""},"mobile":{"background-color":"","background-image":"","background-repeat":"repeat","background-position":"center center","background-size":"auto","background-attachment":"scroll","background-type":"","background-media":"","overlay-type":"","overlay-color":"","overlay-opacity":"","overlay-gradient":""}},"ast-content-background-meta":{"desktop":{"background-color":"var(--ast-global-color-5)","background-image":"","background-repeat":"repeat","background-position":"center center","background-size":"auto","background-attachment":"scroll","background-type":"","background-media":"","overlay-type":"","overlay-color":"","overlay-opacity":"","overlay-gradient":""},"tablet":{"background-color":"var(--ast-global-color-5)","background-image":"","background-repeat":"repeat","background-position":"center center","background-size":"auto","background-attachment":"scroll","background-type":"","background-media":"","overlay-type":"","overlay-color":"","overlay-opacity":"","overlay-gradient":""},"mobile":{"background-color":"var(--ast-global-color-5)","background-image":"","background-repeat":"repeat","background-position":"center center","background-size":"auto","background-attachment":"scroll","background-type":"","background-media":"","overlay-type":"","overlay-color":"","overlay-opacity":"","overlay-gradient":""}},"footnotes":""},"class_list":["post-14","page","type-page","status-publish","hentry"],"_links":{"self":[{"href":"https:\/\/filik.adv.br\/filik\/wp-json\/wp\/v2\/pages\/14","targetHints":{"allow":["GET"]}}],"collection":[{"href":"https:\/\/filik.adv.br\/filik\/wp-json\/wp\/v2\/pages"}],"about":[{"href":"https:\/\/filik.adv.br\/filik\/wp-json\/wp\/v2\/types\/page"}],"author":[{"embeddable":true,"href":"https:\/\/filik.adv.br\/filik\/wp-json\/wp\/v2\/users\/1"}],"replies":[{"embeddable":true,"href":"https:\/\/filik.adv.br\/filik\/wp-json\/wp\/v2\/comments?post=14"}],"version-history":[{"count":1,"href":"https:\/\/filik.adv.br\/filik\/wp-json\/wp\/v2\/pages\/14\/revisions"}],"predecessor-version":[{"id":1046,"href":"https:\/\/filik.adv.br\/filik\/wp-json\/wp\/v2\/pages\/14\/revisions\/1046"}],"wp:attachment":[{"href":"https:\/\/filik.adv.br\/filik\/wp-json\/wp\/v2\/media?parent=14"}],"curies":[{"name":"wp","href":"https:\/\/api.w.org\/{rel}","templated":true}]}}