{"id":18,"date":"2012-02-07T23:48:42","date_gmt":"2012-02-07T23:48:42","guid":{"rendered":"http:\/\/www.filik.adv.br\/?page_id=18"},"modified":"2021-08-05T18:34:55","modified_gmt":"2021-08-05T18:34:55","slug":"direito-empresarial","status":"publish","type":"page","link":"https:\/\/filik.adv.br\/filik\/direito-empresarial\/","title":{"rendered":"DIREITO EMPRESARIAL"},"content":{"rendered":"<p><strong>Atuamos em todas as vertentes da Advocacia Empresarial,\u00a0 tanto na esfera extrajudicial quanto na judicial, principalmente em quest\u00f5es relacionadas aos seguintes assuntos:<\/strong><\/p>\n<ul>\n<li>Contencioso judicial empresarial (Defesa e propositura de a\u00e7\u00f5es);<\/li>\n<li>Recupera\u00e7\u00e3o de cr\u00e9dito e cobran\u00e7a em geral;<\/li>\n<li>Consultoria e assessoria preventiva ou contenciosa;<\/li>\n<li>Rela\u00e7\u00e3o de consumo e representa\u00e7\u00e3o comercial;<\/li>\n<li>Presta\u00e7\u00e3o de servi\u00e7os jur\u00eddicos para a constitui\u00e7\u00e3o dos mais variados tipos de sociedades, desde sua forma\u00e7\u00e3o at\u00e9 a participa\u00e7\u00e3o e condu\u00e7\u00e3o de assembl\u00e9ias e reuni\u00f5es<\/li>\n<li>Participa\u00e7\u00e3o e representa\u00e7\u00e3o jur\u00eddica em comit\u00eas e assembl\u00e9ias de credores.<\/li>\n<li>Registro de documentos perante as Juntas Comerciais dos Estados e junto a Secretaria da Receita Federal<\/li>\n<li>Responsabilidade civil;<\/li>\n<li>Administra\u00e7\u00e3o judicial de passivo banc\u00e1rio;<\/li>\n<li>Estudo de risco do contrato social;<\/li>\n<li>Propositura de a\u00e7\u00f5es para reconhecimento de sociedades de fato;<\/li>\n<li>Elabora\u00e7\u00e3o e Revis\u00e3o de Contratos de qualquer natureza;<\/li>\n<li>Planejamento societ\u00e1rio visando a reorganiza\u00e7\u00e3o de empresas que est\u00e3o em processos de cis\u00e3o, fus\u00e3o, transforma\u00e7\u00e3o ou incorpora\u00e7\u00e3o;<\/li>\n<li>Acompanhamento de processos administrativos e judiciais que versem sobre quest\u00f5es societ\u00e1rias e concorrenciais.<\/li>\n<li>Assessoria na composi\u00e7\u00e3o ou recupera\u00e7\u00e3o societ\u00e1ria, tribut\u00e1ria e de opera\u00e7\u00f5es financeiras.<\/li>\n<li>Avalia\u00e7\u00e3o e interven\u00e7\u00f5es legais sobre efeitos de cr\u00e9ditos e garantias de empresas.<\/li>\n<li>Orienta\u00e7\u00f5es e defesa de clientes em inqu\u00e9ritos policiais e criminais decorrentes de sonega\u00e7\u00e3o fiscal; evas\u00e3o de divisas; acidentes de trabalho; crimes contra o meio ambiente, ordem econ\u00f4mica, rela\u00e7\u00f5es de consumo, contra a honra, viola\u00e7\u00e3o de direitos autorais, de marcas e patentes e sobre crimes de concorr\u00eancia desleal.<\/li>\n<li>Orienta\u00e7\u00e3o e defesa de clientes v\u00edtimas de fraudes corporativas praticadas por terceiros ou funcion\u00e1rios, com a ado\u00e7\u00e3o de medidas legais cab\u00edveis na esfera policial e judicial.<\/li>\n<li>Consultoria e auditoria legal na recupera\u00e7\u00e3o de empresas em dificuldade financeira, nos aspectos banc\u00e1rios, contratuais, processuais, societ\u00e1rios, tribut\u00e1rios, previdenci\u00e1rios, trabalhistas, de responsabilidade c\u00edvel e em mercados de capitais.<\/li>\n<li>Prepara\u00e7\u00e3o, propositura e acompanhamento de a\u00e7\u00f5es de recupera\u00e7\u00e3o extrajudicial e judicial.<\/li>\n<li>Reestrutura\u00e7\u00e3o Societ\u00e1ria.<\/li>\n<li>Planejamento Sucess\u00f3rio.<\/li>\n<li>Propriedade Intelectual.<br \/>\nDireito Concorrencial.<\/li>\n<li><strong>Assessoria Societ\u00e1ria<\/strong> &#8211; elabora\u00e7\u00e3o e revis\u00e3o dos atos de constitui\u00e7\u00e3o de sociedades de responsabilidade limitada e sociedades an\u00f4nimas, assessoria em atos societ\u00e1rios pertinentes \u00e0 vida da sociedade, realiza\u00e7\u00e3o e condu\u00e7\u00e3o de assembl\u00e9ias gerais de acionistas e reuni\u00f5es de quotistas, delibera\u00e7\u00f5es sociais, acordos de s\u00f3cios, fus\u00f5es, cis\u00f5es e incorpora\u00e7\u00f5es.<\/li>\n<li><strong>Denomina\u00e7\u00e3o Empresarial<\/strong> &#8211; a inscri\u00e7\u00e3o do nome empresarial, ou dos atos constitutivos das pessoas jur\u00eddicas e respectivas averba\u00e7\u00f5es no registro pr\u00f3prio, que visa assegurar o uso exclusivo nos limites do respectivo estado, podendo se prolongar a todo territ\u00f3rio nacional, independentemente de funcionamento do estabelecimento da empresa, mediante inscri\u00e7\u00e3o do seu nome perante os \u00f3rg\u00e3os do Registro do Com\u00e9rcio de todas as unidades federativas brasileiras, atrav\u00e9s da documenta\u00e7\u00e3o e requerimentos espec\u00edficos exigidos pelas Juntas Comerciais.<\/li>\n<li>Planejamento Sucess\u00f3rio &#8211; planejamento da sucess\u00e3o familiar e patrimonial, atrav\u00e9s de testamento p\u00fablico ou particular, ou ainda atrav\u00e9s da elabora\u00e7\u00e3o e constitui\u00e7\u00e3o de empresa Holding, com integraliza\u00e7\u00e3o de bens m\u00f3veis, im\u00f3veis, direitos e participa\u00e7\u00f5es societ\u00e1rias, e respectiva institui\u00e7\u00e3o de reserva de usufruto vital\u00edcio agravadas de cl\u00e1usulas de impenhorabilidade, incomunicabilidade e inalienabilidade.<\/li>\n<li><strong>Revis\u00e3o Fiscal<\/strong> &#8211; Revis\u00e3o da apura\u00e7\u00e3o de todas as esp\u00e9cies tribut\u00e1rias com o objetivo de identificar pontos em descompasso com a legisla\u00e7\u00e3o vigente ou com decis\u00f5es emanadas pela autoridade fiscal, com efeitos preventivos e econ\u00f4micos, tais como, a minimiza\u00e7\u00e3o do risco de futuras cobran\u00e7as tribut\u00e1rias por parte do fisco, bem como a garantia de recupera\u00e7\u00e3o de valores pagos indevidamente ou a maior a t\u00edtulo de tributo.<\/li>\n<li><strong>Reestrutura\u00e7\u00e3o Fiscal<\/strong> &#8211; An\u00e1lise do regime de tributa\u00e7\u00e3o da empresa e respectivas opera\u00e7\u00f5es fiscais em conjunto com os aspectos societ\u00e1rios e cont\u00e1beis objetivando organiza\u00e7\u00e3o e gest\u00e3o da carga tribut\u00e1ria futura.<\/li>\n<li><strong>Ressarcimento de Cr\u00e9dito Acumulado<\/strong> &#8211; Trabalho administrativo, e quando necess\u00e1rio judicial, que busca junto \u00e0 autoridade fiscal competente, federal ou estadual, a an\u00e1lise e deferimento do pedido de ressarcimento efetuado pelo contribuinte.<\/li>\n<li><strong>Parecer e Consulta Fiscal<\/strong> &#8211; Exame do caso concreto e a aplica\u00e7\u00e3o da legisla\u00e7\u00e3o competente visando dirimir, de maneira preventiva e formal, as d\u00favidas quanto aos procedimentos fiscais e tribut\u00e1rios do consulente, respondidas na forma de parecer.<\/li>\n<\/ul>\n","protected":false},"excerpt":{"rendered":"<p>Atuamos em todas as vertentes da Advocacia Empresarial,\u00a0 tanto na esfera extrajudicial quanto na judicial, principalmente em quest\u00f5es relacionadas aos seguintes assuntos: Contencioso judicial empresarial (Defesa e propositura de a\u00e7\u00f5es); Recupera\u00e7\u00e3o de cr\u00e9dito e cobran\u00e7a em geral; Consultoria e assessoria preventiva ou contenciosa; Rela\u00e7\u00e3o de consumo e representa\u00e7\u00e3o comercial; Presta\u00e7\u00e3o de servi\u00e7os jur\u00eddicos para a [&hellip;]<\/p>\n","protected":false},"author":1,"featured_media":0,"parent":0,"menu_order":991,"comment_status":"closed","ping_status":"closed","template":"","meta":{"site-sidebar-layout":"default","site-content-layout":"default","ast-site-content-layout":"default","site-content-style":"default","site-sidebar-style":"default","ast-global-header-display":"","ast-banner-title-visibility":"","ast-main-header-display":"","ast-hfb-above-header-display":"","ast-hfb-below-header-display":"","ast-hfb-mobile-header-display":"","site-post-title":"","ast-breadcrumbs-content":"","ast-featured-img":"","footer-sml-layout":"","ast-disable-related-posts":"","theme-transparent-header-meta":"default","adv-header-id-meta":"","stick-header-meta":"","header-above-stick-meta":"","header-main-stick-meta":"","header-below-stick-meta":"","astra-migrate-meta-layouts":"default","ast-page-background-enabled":"default","ast-page-background-meta":{"desktop":{"background-color":"var(--ast-global-color-4)","background-image":"","background-repeat":"repeat","background-position":"center center","background-size":"auto","background-attachment":"scroll","background-type":"","background-media":"","overlay-type":"","overlay-color":"","overlay-opacity":"","overlay-gradient":""},"tablet":{"background-color":"","background-image":"","background-repeat":"repeat","background-position":"center center","background-size":"auto","background-attachment":"scroll","background-type":"","background-media":"","overlay-type":"","overlay-color":"","overlay-opacity":"","overlay-gradient":""},"mobile":{"background-color":"","background-image":"","background-repeat":"repeat","background-position":"center center","background-size":"auto","background-attachment":"scroll","background-type":"","background-media":"","overlay-type":"","overlay-color":"","overlay-opacity":"","overlay-gradient":""}},"ast-content-background-meta":{"desktop":{"background-color":"var(--ast-global-color-5)","background-image":"","background-repeat":"repeat","background-position":"center center","background-size":"auto","background-attachment":"scroll","background-type":"","background-media":"","overlay-type":"","overlay-color":"","overlay-opacity":"","overlay-gradient":""},"tablet":{"background-color":"var(--ast-global-color-5)","background-image":"","background-repeat":"repeat","background-position":"center center","background-size":"auto","background-attachment":"scroll","background-type":"","background-media":"","overlay-type":"","overlay-color":"","overlay-opacity":"","overlay-gradient":""},"mobile":{"background-color":"var(--ast-global-color-5)","background-image":"","background-repeat":"repeat","background-position":"center center","background-size":"auto","background-attachment":"scroll","background-type":"","background-media":"","overlay-type":"","overlay-color":"","overlay-opacity":"","overlay-gradient":""}},"footnotes":""},"class_list":["post-18","page","type-page","status-publish","hentry"],"_links":{"self":[{"href":"https:\/\/filik.adv.br\/filik\/wp-json\/wp\/v2\/pages\/18","targetHints":{"allow":["GET"]}}],"collection":[{"href":"https:\/\/filik.adv.br\/filik\/wp-json\/wp\/v2\/pages"}],"about":[{"href":"https:\/\/filik.adv.br\/filik\/wp-json\/wp\/v2\/types\/page"}],"author":[{"embeddable":true,"href":"https:\/\/filik.adv.br\/filik\/wp-json\/wp\/v2\/users\/1"}],"replies":[{"embeddable":true,"href":"https:\/\/filik.adv.br\/filik\/wp-json\/wp\/v2\/comments?post=18"}],"version-history":[{"count":3,"href":"https:\/\/filik.adv.br\/filik\/wp-json\/wp\/v2\/pages\/18\/revisions"}],"predecessor-version":[{"id":1047,"href":"https:\/\/filik.adv.br\/filik\/wp-json\/wp\/v2\/pages\/18\/revisions\/1047"}],"wp:attachment":[{"href":"https:\/\/filik.adv.br\/filik\/wp-json\/wp\/v2\/media?parent=18"}],"curies":[{"name":"wp","href":"https:\/\/api.w.org\/{rel}","templated":true}]}}